s 72562248 a multiple of 968?
True
Is 16996600 a multiple of 340?
True
Is 27 a factor of 16277571?
True
Is 70028838 a multiple of 484?
False
Is 585 a factor of 882599998?
False
Does 7 divide 65060002?
True
Is 158096049 a multiple of 2?
False
Is 2172 a factor of 108774669?
False
Is 324643633 a multiple of 481?
False
Is 472 a factor of 56536928?
False
Is 33046962 a multiple of 39?
True
Is 1333144990 a multiple of 24?
False
Is 6 a factor of 33548088?
True
Is 920792276 a multiple of 4066?
False
Does 3 divide 19214335?
False
Does 50 divide 346417700?
True
Is 20 a factor of 1389558491?
False
Is 1067976753 a multiple of 31?
True
Is 1139 a factor of 1550160992?
False
Does 785 divide 874398940?
True
Does 11 divide 1187208132?
True
Is 16057321 a multiple of 7?
True
Is 13 a factor of 112726159?
True
Is 138 a factor of 826108848?
True
Is 180 a factor of 1114415?
False
Is 31 a factor of 12610986?
True
Is 30502604 a multiple of 302?
True
Is 93850951 a multiple of 4253?
True
Does 145 divide 4438160?
True
Does 3257 divide 896806615?
False
Is 1378 a factor of 40592697?
False
Is 40 a factor of 405382160?
True
Is 1131345341 a multiple of 2080?
False
Is 1379 a factor of 445083864?
False
Is 2767 a factor of 831110986?
False
Is 15 a factor of 18262290?
True
Is 57799853 a multiple of 22?
False
Is 98236972 a multiple of 285?
False
Is 522 a factor of 71638630?
False
Is 574599722 a multiple of 81?
False
Is 2124 a factor of 737392204?
False
Does 4386 divide 2781115?
False
Is 19 a factor of 3619337555?
False
Does 4 divide 30274461?
False
Is 1265341715 a multiple of 55?
True
Is 2688268635 a multiple of 1495?
True
Is 7 a factor of 19204008?
False
Is 39 a factor of 197427430?
False
Does 2458 divide 2236653630?
False
Is 424 a factor of 43652072?
True
Is 298164518 a multiple of 517?
False
Does 2965 divide 665378392?
False
Is 44 a factor of 3427461972?
True
Is 51 a factor of 839003142?
True
Is 58069185 a multiple of 16?
False
Is 4418 a factor of 668107632?
True
Is 45 a factor of 61466895?
True
Does 32 divide 95963092?
False
Is 296440302 a multiple of 2503?
True
Is 2063 a factor of 147307973?
False
Does 1342 divide 2713243070?
False
Is 485104014 a multiple of 3274?
False
Does 738 divide 144802980?
True
Does 11 divide 884554556?
False
Is 832318564 a multiple of 2651?
True
Is 10799859 a multiple of 551?
False
Is 41274870 a multiple of 1365?
True
Does 280 divide 1657720680?
True
Is 690900331 a multiple of 406?
False
Does 28 divide 1151985212?
True
Is 312 a factor of 20999638?
False
Is 695 a factor of 115293550?
True
Is 2245 a factor of 97050942?
False
Is 9641840 a multiple of 16?
True
Is 179199394 a multiple of 46?
True
Does 205 divide 39078740?
True
Does 122 divide 16414525?
False
Is 73216 a multiple of 3?
False
Does 12 divide 6503856?
True
Is 55236064 a multiple of 598?
True
Is 11 a factor of 61641033?
False
Is 1887334 a multiple of 178?
True
Is 12 a factor of 28535280?
True
Is 4024384 a multiple of 2?
True
Is 869 a factor of 1366505107?
True
Is 982338088 a multiple of 8?
True
Is 976447232 a multiple of 211?
True
Is 95053734 a multiple of 25?
False
Is 745 a factor of 2856834365?
True
Is 178 a factor of 13262623?
False
Does 7 divide 32627451?
False
Does 1007 divide 2428678898?
False
Is 7 a factor of 756151515?
True
Is 22069938 a multiple of 13?
False
Does 3085 divide 3519260025?
True
Is 13 a factor of 2287255?
False
Does 2853 divide 20370420?
True
Does 587 divide 5114531?
True
Is 573 a factor of 85330587?
True
Is 572064672 a multiple of 32?
True
Is 13 a factor of 15755383?
False
Is 14285145 a multiple of 3?
True
Does 14 divide 870649710?
True
Is 251375732 a multiple of 1684?
True
Is 94 a factor of 329277264?
False
Does 38 divide 6630115?
False
Is 753 a factor of 265742736?
True
Does 884 divide 504268403?
False
Is 19392366 a multiple of 777?
True
Is 161 a factor of 48368602?
False
Is 10 a factor of 30961386?
False
Is 50648530 a multiple of 262?
True
Does 96 divide 13555680?
True
Is 1118 a factor of 30037324?
False
Is 99 a factor of 58119104?
False
Is 251 a factor of 234932988?
True
Is 16 a factor of 953536635?
False
Does 159 divide 51427914?
True
Is 15 a factor of 212390668?
False
Does 57 divide 614519565?
True
Does 10 divide 16222810?
True
Is 11 a factor of 202783207?
True
Is 1178 a factor of 2656081232?
False
Is 15724555 a multiple of 121?
True
Is 11 a factor of 740499738?
True
Is 15 a factor of 6109076835?
True
Is 5 a factor of 38774380?
True
Is 13791240 a multiple of 232?
True
Does 30 divide 64432673?
False
Is 23390652 a multiple of 12?
True
Is 219 a factor of 50688645?
True
Is 106909124 a multiple of 72?
False
Is 2030774546 a multiple of 376?
False
Does 970 divide 570513023?
False
Does 4 divide 36484032?
True
Does 184 divide 1103151208?
True
Is 408 a factor of 2300712?
True
Is 9 a factor of 5705293?
False
Is 58 a factor of 145605810?
True
Is 420077760 a multiple of 1146?
True
Does 1898 divide 46151473?
False
Is 899 a factor of 47703706?
False
Is 13 a factor of 38488307?
True
Is 12733420 a multiple of 532?
True
Does 41 divide 187008648?
False
Does 4154 divide 318389331?
False
Does 1259 divide 715885429?
False
Is 115844135 a multiple of 167?
False
Is 430 a factor of 24608040?
True
Is 34356914 a multiple of 46?
False
Is 1389 a factor of 104066658?
True
Is 5988725760 a multiple of 6048?
False
Does 7 divide 70646567?
False
Is 32367608 a multiple of 1048?
False
Is 3196 a factor of 59678908?
True
Is 861004544 a multiple of 64?
True
Is 281062831 a multiple of 923?
False
Does 102 divide 112867080?
True
Is 104466394 a multiple of 17?
True
Is 1132 a factor of 14145566?
False
Is 792 a factor of 26645256?
True
Does 290 divide 1535549130?
True
Is 64 a factor of 31310656?
True
Is 1430 a factor of 263858981?
False
Does 53 divide 167326989?
True
Is 160242992 a multiple of 1256?
True
Is 1175 a factor of 423179775?
True
Is 249 a factor of 14239187?
False
Is 665338044 a multiple of 204?
True
Is 514 a factor of 1521583028?
False
Is 77 a factor of 6287350223?
True
Does 51 divide 206766065?
False
Does 10 divide 138317290?
True
Is 15 a factor of 875548053?
False
Does 81 divide 151571014?
False
Is 762287795 a multiple of 1432?
False
Is 86400512 a multiple of 1408?
True
Is 506702 a multiple of 68?
False
Does 795 divide 52181107?
False
Does 155 divide 3945342?
False
Is 2467113284 a multiple of 1718?
True
Is 762 a factor of 90191096?
False
Is 24 a factor of 8488368?
True
Is 2443406 a multiple of 487?
False
Is 6631152 a multiple of 24?
True
Does 33 divide 65903079?
True
Is 33 a factor of 294559617?
True
Does 102 divide 136490484?
True
Is 250 a factor of 7495973?
False
Is 44682484 a multiple of 77?
True
Is 67470845 a multiple of 23?
True
Is 544712115 a multiple of 24?
False
Is 327532145 a multiple of 138?
False
Is 35116509 a multiple of 12?
False
Is 41 a factor of 3113407911?
False
Is 13823753 a multiple of 112?
False
Does 11 divide 830653307?
True
Is 125276250 a multiple of 55?
True
Is 107 a factor of 4897385?
False
Does 5169 divide 362556048?
False
Is 319 a factor of 536243753?
False
Does 11 divide 46122519?
False
Does 427 divide 43555281?
True
Is 232 a factor of 187827200?
True
Is 1379756455 a multiple of 137?
True
Is 4838875005 a multiple of 189?
False
Is 126 a factor of 246394494?
False
Does 12 divide 101352?
True
Is 1200257955 a multiple of 14565?
True
Is 85090578 a multiple of 2?
True
Is 47 a factor of 9763216?
True
Is 186521421 a multiple of 8?
False
Does 11 divide 217660773?
True
Is 23010658 a multiple of 925?
False
Is 338 a factor of 28334695?
False
Is 120550 a multiple of 9?
False
Is 9 a factor of 345260282?
False
Does 7 divide 225308405?
True
Is 134 a factor of 1290338796?
True
Is 84592310 a multiple of 377?
False
Is 87 a factor of 116586090?
True
Is 246621 a multiple of 38?
False
Is 2927 a factor of 20158249?
True
Is 151696795 a multiple of 31?
True
Is 1610407438 a multiple of 965?
False
Is 5 a factor of 2904225?
True
Is 125545727 a multiple of 397?
False
Does 10 divide 101745533?
False
Is 258920053 a multiple of 2964?
False
Is 6620429784 a multiple of 17449?
True
Is 3 a factor of 7369484?
False
Does 301 divide 6298726?
True
Does 2909 divide 234095957?
True
Does 305 divide 1809737935?
True
Does 84 divide 2646924?
True
Is 17 a factor of 61636806?
False
Is 13 a factor of 1095051819?
False
